08347?
7
What is the tens digit of 5145218?
1
What is the ten thousands digit of 1788471?
8
What is the hundreds digit of 3870776?
7
What is the ten thousands digit of 6752920?
5
What is the hundreds digit of 100193?
1
What is the hundred thousands digit of 402393?
4
What is the thousands digit of 33358?
3
What is the tens digit of 5904222?
2
What is the ten thousands digit of 296602?
9
What is the hundred thousands digit of 836518?
8
What is the thousands digit of 447549?
7
What is the ten thousands digit of 751978?
5
What is the hundreds digit of 183890?
8
What is the ten thousands digit of 504838?
0
What is the tens digit of 133699?
9
What is the ten millions digit of 10550596?
1
What is the tens digit of 10807067?
6
What is the hundred thousands digit of 165431?
1
What is the hundred thousands digit of 613284?
6
What is the hundreds digit of 1588195?
1
What is the hundreds digit of 13992484?
4
What is the hundreds digit of 3622983?
9
What is the thousands digit of 4870854?
0
What is the units digit of 2425756?
6
What is the units digit of 1129265?
5
What is the thousands digit of 1237173?
7
What is the units digit of 683642?
2
What is the tens digit of 1132045?
4
What is the units digit of 29977097?
7
What is the tens digit of 1367558?
5
What is the thousands digit of 6295588?
5
What is the millions digit of 1146072?
1
What is the tens digit of 3493723?
2
What is the thousands digit of 3769384?
9
What is the hundreds digit of 941048?
0
What is the units digit of 5016224?
4
What is the millions digit of 10796545?
0
What is the units digit of 1143213?
3
What is the thousands digit of 500085?
0
What is the units digit of 1030143?
3
What is the units digit of 1377853?
3
What is the ten thousands digit of 8889612?
8
What is the millions digit of 4140091?
4
What is the ten thousands digit of 20098958?
9
What is the tens digit of 3962366?
6
What is the tens digit of 5397326?
2
What is the ten thousands digit of 783247?
8
What is the hundreds digit of 1708768?
7
What is the hundreds digit of 165626?
6
What is the millions digit of 4539629?
4
What is the units digit of 1617000?
0
What is the units digit of 51483?
3
What is the hundred thousands digit of 3263151?
2
What is the hundreds digit of 5787826?
8
What is the thousands digit of 488979?
8
What is the ten thousands digit of 4494557?
9
What is the tens digit of 171529?
2
What is the units digit of 6525776?
6
What is the units digit of 660944?
4
What is the units digit of 13223531?
1
What is the hundred thousands digit of 2188051?
1
What is the millions digit of 42057512?
2
What is the tens digit of 570092?
9
What is the hundreds digit of 630134?
1
What is the hundreds digit of 517671?
6
What is the thousands digit of 244967?
4
What is the thousands digit of 221955?
1
What is the hundred thousands digit of 225165?
2
What is the hundred thousands digit of 5472447?
4
What is the hundreds digit of 9432917?
9
What is the hundreds digit of 6665434?
4
What is the hundred thousands digit of 137508?
1
What is the hundred thousands digit of 186422?
1
What is the hundreds digit of 524033?
0
What is the tens digit of 83807?
0
What is the units digit of 1263356?
6
What is the ten thousands digit of 961949?
6
What is the ten thousands digit of 4134137?
3
What is the ten thousands digit of 1146414?
4
What is the units digit of 474485?
5
What is the tens digit of 3941915?
1
What is the ten thousands digit of 1766341?
6
What is the tens digit of 92311?
1
What is the thousands digit of 13257992?
7
What is the thousands digit of 1042766?
2
What is the units digit of 2740923?
3
What is the hundred thousands digit of 8200776?
2
What is the tens digit of 4472041?
4
What is the hundred thousands digit of 298913?
2
What is the ten thousands digit of 823589?
2
What is the tens digit of 114660?
6
What is the tens digit of 3220108?
0
What is the hundreds digit of 24045086?
0
What is the thousands digit of 3320152?
0
What is the units digit of 343828?
8
What is the thousands digit of 19622132?
2
What is the units digit of 5705888?
8
What is the hundreds digit of 51370?
3
What is the ten thousands digit of 2801283?
0
What is the ten thousands digit of 1026122?
2
What is the hundreds digit of 2134085?
0
What is the hundred thousands digit of 210401?
2
What is the units digit of 5751858?
8
What is the thousands digit of 18643714?
3
What is the hundreds digit of 444622?
6
What is the tens digit of 882372?
7
What is the hundreds digit of 1139023?
0
What is the hundred thousands digit of 5117479?
1
What is the ten thousands digit of 2293245?
9
What is the hundreds digit of 1116971?
9
What is the tens digit of 151351?
5
What is the ten thousands digit of 3407159?
0
What is the tens digit of 2692082?
8
What is the thousands digit of 131058?
1
What is the ten thousands digit of 395783?
9
What is the units digit of 345616?
6
What is the tens digit of 39299?
9
What is the hundreds digit of 1729093?
0
What is the units digit of 835059?
9
What is the hundreds digit of 597795?
7
What is the ten thousands digit of 296986?
9
What is the hundred thousands digit of 17459725?
4
What is the hundreds digit of 3807233?
2
What is the tens digit of 68235?
3
What is the millions digit of 3657727?
3
What is the hundreds digit of 753770?
7
What is the hundred thousands digit of 6303674?
3
What is the units digit of 330163?
3
What is the thousands digit of 9368640?
8
What is the thousands digit of 11942664?
2
What is the tens digit of 1575731?
3
What is the tens digit of 1229564?
6
What is the tens digit of 2204856?
5
What is the ten thousands digit of 359735?
5
What is the thousands digit of 217106?
7
What is the millions digit of 2966333?
2
What is the millions digit of 34609972?
4
What is the hundreds digit of 205394?
3
What is the hundreds digit of 13791690?
6
What is the thousands digit of 1344771?
4
What is the units digit of 3553806?
6
What is the tens digit of 721855?
5
What is the thousands digit of 8771110?
1
What is the thousands digit of 1587603?
7
What is the ten thousands digit of 21986682?
8
What is the ten thousands digit of 454111?
5
What is the units digit of 857570?
0
What is the thousands digit of 3710452?
0
What is the units digit of 2950773?
3
What is the thousands digit of 437674?
7
What is the hundred thousands digit of 6903872?
9
What is the thousands digit of 2076308?
6
What is the hundred thousands digit of 305927?
3
What is the hundred thousands digit of 923537?
9
What is the hundreds digit of 679330?
3
What is the units digit of 5301849?
9
What is the thousands digit of 4973?
4
What is the units digit of 421719?
9
What is the millions digit of 4848210?
4
What is the units digit of 1639879?
9
What is the units digit of 7389419?
9
What is the hundred thousands digit of 188016?
1
What is the hundreds digit of 306351?
3
What is the thousands digit of 608453?
8
What is the units digit of 12584?
4
What is the units digit of 254944?
4
What is the millions digit of 9428555?
9
What is the thousands digit of 339048?
9
What is the hundreds digit of 925832?
8
What is the thousands digit of 3047660?
7
What is the hundred thousands digit of 207431?
2
What is the ten thousands digit of 9272981?
7
What is the hundreds digit of 98427?
4
What is the hundred thousands digit of 526850?
5
What is the hundred thousands digit of 1902927?
9
What is the hundreds digit of 522065?
0
What is the thousands digit of 894244?
4
What is the ten thousands digit of 6361072?
6
What is the units digit of 28595908?
8
What is the thousands digit of 15655882?
5
What is the ten thousands digit of 18876?
1
What is the ten millions digit of 29341747?
2
What is the thousands digit of 6464793?
4
What is the units digit of 403410?
0
What is the units digit of 204395?
5
What is the ten thousands digit of 1650898?
5
What is the millions digit of 15113434?
5
What is the thousands digit of 6839012?
9
What is the hundreds digit of 774756?
7
What is the ten thousands digit of 34249?
3
What is the units digit of 206199?
9
What is the hundreds digit of 591485?
4
What is the tens digit of 192165?
6
What is the thousands digit of 354102?
4
What is the thousands digit of 32732451?
2
What is the hundreds digit of 9701330?
3
What is the units digit of 59055?
5
What is the t